{"id":80,"date":"2019-09-06T14:48:06","date_gmt":"2019-09-06T12:48:06","guid":{"rendered":"http:\/\/acdi-asso.fr\/?page_id=80"},"modified":"2020-02-20T11:28:37","modified_gmt":"2020-02-20T10:28:37","slug":"qui-sommes-nous","status":"publish","type":"page","link":"https:\/\/acdi-asso.fr\/","title":{"rendered":"Qui sommes nous ?"},"content":{"rendered":"\n<h3 class=\"wp-block-heading\">L\u2019acdi &#8211; \u00e0 la crois\u00e9e des designers int\u00e9gr\u00e9s. <\/h3>\n\n\n\n<p>Cr\u00e9\u00e9e fin 2018, c\u2019est une association qui s\u2019adresse aux designers int\u00e9gr\u00e9s en entreprise, tous m\u00e9tiers confondus. Notre objectif est d\u2019animer un r\u00e9seau de professionnels dans un esprit d\u2019ouverture et une ambiance conviviale en permettant&nbsp; aux designers int\u00e9gr\u00e9s de se rencontrer, d\u2019\u00e9changer et de d\u00e9battre.<\/p>\n\n\n\n<p>Nous organisons en moyenne 3 r\u00e9unions par an auxquelles adh\u00e9rents ou non sont invit\u00e9s \u00e0 participer et \u00e9changer autour de leurs pratiques, de leurs exp\u00e9riences, de leur fonction, de leur \u00e9volution.<\/p>\n\n\n\n<p>Nous contacter : infos.acdi@gmail.com<\/p>\n","protected":false},"excerpt":{"rendered":"<p>L\u2019acdi &#8211; \u00e0 la crois\u00e9e des designers int\u00e9gr\u00e9s. Cr\u00e9\u00e9e fin 2018, c\u2019est une association qui s\u2019adresse aux designers int\u00e9gr\u00e9s en entreprise, tous m\u00e9tiers confondus. Notre objectif est d\u2019animer un r\u00e9seau de professionnels dans un esprit d\u2019ouverture et une ambiance conviviale en permettant&nbsp; aux designers int\u00e9gr\u00e9s de se rencontrer, d\u2019\u00e9changer et de d\u00e9battre. Nous organisons en &hellip;<\/p>\n<p class=\"read-more\"> <a class=\"\" href=\"https:\/\/acdi-asso.fr\/\"> <span class=\"screen-reader-text\">Qui sommes nous ?<\/span> Lire la suite\u00a0\u00bb<\/a><\/p>\n","protected":false},"author":1,"featured_media":0,"parent":0,"menu_order":0,"comment_status":"closed","ping_status":"closed","template":"","meta":{"footnotes":""},"class_list":["post-80","page","type-page","status-publish","hentry"],"_links":{"self":[{"href":"https:\/\/acdi-asso.fr\/index.php\/wp-json\/wp\/v2\/pages\/80","targetHints":{"allow":["GET"]}}],"collection":[{"href":"https:\/\/acdi-asso.fr\/index.php\/wp-json\/wp\/v2\/pages"}],"about":[{"href":"https:\/\/acdi-asso.fr\/index.php\/wp-json\/wp\/v2\/types\/page"}],"author":[{"embeddable":true,"href":"https:\/\/acdi-asso.fr\/index.php\/wp-json\/wp\/v2\/users\/1"}],"replies":[{"embeddable":true,"href":"https:\/\/acdi-asso.fr\/index.php\/wp-json\/wp\/v2\/comments?post=80"}],"version-history":[{"count":7,"href":"https:\/\/acdi-asso.fr\/index.php\/wp-json\/wp\/v2\/pages\/80\/revisions"}],"predecessor-version":[{"id":372,"href":"https:\/\/acdi-asso.fr\/index.php\/wp-json\/wp\/v2\/pages\/80\/revisions\/372"}],"wp:attachment":[{"href":"https:\/\/acdi-asso.fr\/index.php\/wp-json\/wp\/v2\/media?parent=80"}],"curies":[{"name":"wp","href":"https:\/\/api.w.org\/{rel}","templated":true}]}}