{"id":61,"date":"2019-09-06T14:24:09","date_gmt":"2019-09-06T12:24:09","guid":{"rendered":"http:\/\/acdi-asso.fr\/?page_id=61"},"modified":"2026-03-24T11:00:21","modified_gmt":"2026-03-24T10:00:21","slug":"les-news","status":"publish","type":"page","link":"https:\/\/acdi-asso.fr\/index.php\/les-news\/","title":{"rendered":"Les news"},"content":{"rendered":"\n<p>Les news sont les comptes rendus des r\u00e9unions et conf\u00e9rences que nous organisons 2 \u00e0 3 fois par an. Merci \u00e0 tous les designers qui nous ont invit\u00e9 \u00e0 visiter les sites industriels et qui nous ont permis d&rsquo;\u00e9changer autour de leurs pratiques.<\/p>\n\n\n\n<div class=\"wp-block-media-text is-stacked-on-mobile\" style=\"grid-template-columns:40% auto\"><figure class=\"wp-block-media-text__media\"><img loading=\"lazy\" decoding=\"async\" width=\"913\" height=\"592\" src=\"http:\/\/acdi-asso.fr\/wp-content\/uploads\/2026\/03\/visuel-Simond.png\" alt=\"\" class=\"wp-image-1099 size-full\" srcset=\"https:\/\/acdi-asso.fr\/wp-content\/uploads\/2026\/03\/visuel-Simond.png 913w, https:\/\/acdi-asso.fr\/wp-content\/uploads\/2026\/03\/visuel-Simond-300x195.png 300w, https:\/\/acdi-asso.fr\/wp-content\/uploads\/2026\/03\/visuel-Simond-768x498.png 768w\" sizes=\"auto, (max-width: 913px) 100vw, 913px\" \/><\/figure><div class=\"wp-block-media-text__content\">\n<p>le 5 mars 2026 chez <strong>Simond, <strong>la marque de montagne de Decathlon<\/strong><\/strong> \u00e0 Chamonix.<\/p>\n\n\n\n<p><a href=\"http:\/\/acdi-asso.fr\/wp-content\/uploads\/2026\/03\/Simond.pdf\" target=\"_blank\" rel=\"noreferrer noopener\">Lire la news<\/a><\/p>\n<\/div><\/div>\n\n\n\n<h2 class=\"wp-block-heading\"><strong>Les archives des rencontres designers int\u00e9gr\u00e9s<\/strong><\/h2>\n\n\n\n<div class=\"wp-block-media-text is-stacked-on-mobile\" style=\"grid-template-columns:40% auto\"><figure class=\"wp-block-media-text__media\"><img loading=\"lazy\" decoding=\"async\" width=\"994\" height=\"640\" src=\"https:\/\/acdi-asso.fr\/wp-content\/uploads\/2025\/12\/Capture-decran-2025-12-19-a-14.29.46.png\" alt=\"\" class=\"wp-image-1083 size-full\" srcset=\"https:\/\/acdi-asso.fr\/wp-content\/uploads\/2025\/12\/Capture-decran-2025-12-19-a-14.29.46.png 994w, https:\/\/acdi-asso.fr\/wp-content\/uploads\/2025\/12\/Capture-decran-2025-12-19-a-14.29.46-300x193.png 300w, https:\/\/acdi-asso.fr\/wp-content\/uploads\/2025\/12\/Capture-decran-2025-12-19-a-14.29.46-768x494.png 768w\" sizes=\"auto, (max-width: 994px) 100vw, 994px\" \/><\/figure><div class=\"wp-block-media-text__content\">\n<p>Le 4 d\u00e9cembre 2025 chez <strong>Leborgne \u00e0 Arvillard.<\/strong><\/p>\n\n\n\n<p><strong><a href=\"http:\/\/acdi-asso.fr\/wp-content\/uploads\/2025\/12\/Leborgne.pdf\" target=\"_blank\" rel=\"noreferrer noopener\">Lire la news<\/a><\/strong><\/p>\n<\/div><\/div>\n\n\n\n<div class=\"wp-block-media-text is-stacked-on-mobile is-vertically-aligned-top\" style=\"grid-template-columns:40% auto\"><figure class=\"wp-block-media-text__media\"><img loading=\"lazy\" decoding=\"async\" width=\"1024\" height=\"721\" src=\"http:\/\/acdi-asso.fr\/wp-content\/uploads\/2025\/02\/Capture-decran-2025-02-26-a-14.44.45-1024x721.png\" alt=\"\" class=\"wp-image-1020 size-full\" srcset=\"https:\/\/acdi-asso.fr\/wp-content\/uploads\/2025\/02\/Capture-decran-2025-02-26-a-14.44.45-1024x721.png 1024w, https:\/\/acdi-asso.fr\/wp-content\/uploads\/2025\/02\/Capture-decran-2025-02-26-a-14.44.45-300x211.png 300w, https:\/\/acdi-asso.fr\/wp-content\/uploads\/2025\/02\/Capture-decran-2025-02-26-a-14.44.45-768x541.png 768w, https:\/\/acdi-asso.fr\/wp-content\/uploads\/2025\/02\/Capture-decran-2025-02-26-a-14.44.45-1536x1081.png 1536w, https:\/\/acdi-asso.fr\/wp-content\/uploads\/2025\/02\/Capture-decran-2025-02-26-a-14.44.45.png 1824w\" sizes=\"auto, (max-width: 1024px) 100vw, 1024px\" \/><\/figure><div class=\"wp-block-media-text__content\">\n<p><strong>Table ronde Cr\u00e9ation &amp; IA G\u00e9n\u00e9rative<\/strong><\/p>\n\n\n\n<p>D\u00e9couvrez le compte rendu de cette rencontre<\/p>\n\n\n\n<p>merci aux invit\u00e9s et aux participants<\/p>\n\n\n\n<p><strong><a href=\"http:\/\/acdi-asso.fr\/wp-content\/uploads\/2025\/02\/newsacdi10-table-ronde-IA-2025.pdf\">Lire la news<\/a><\/strong><\/p>\n<\/div><\/div>\n\n\n\n<div class=\"wp-block-media-text is-stacked-on-mobile\" style=\"grid-template-columns:40% auto\"><figure class=\"wp-block-media-text__media\"><img loading=\"lazy\" decoding=\"async\" width=\"1024\" height=\"658\" src=\"http:\/\/acdi-asso.fr\/wp-content\/uploads\/2025\/02\/Capture-decran-2025-02-26-a-14.45.53-1024x658.png\" alt=\"\" class=\"wp-image-1019 size-full\" srcset=\"https:\/\/acdi-asso.fr\/wp-content\/uploads\/2025\/02\/Capture-decran-2025-02-26-a-14.45.53-1024x658.png 1024w, https:\/\/acdi-asso.fr\/wp-content\/uploads\/2025\/02\/Capture-decran-2025-02-26-a-14.45.53-300x193.png 300w, https:\/\/acdi-asso.fr\/wp-content\/uploads\/2025\/02\/Capture-decran-2025-02-26-a-14.45.53-768x493.png 768w, https:\/\/acdi-asso.fr\/wp-content\/uploads\/2025\/02\/Capture-decran-2025-02-26-a-14.45.53-1536x987.png 1536w, https:\/\/acdi-asso.fr\/wp-content\/uploads\/2025\/02\/Capture-decran-2025-02-26-a-14.45.53.png 1824w\" sizes=\"auto, (max-width: 1024px) 100vw, 1024px\" \/><\/figure><div class=\"wp-block-media-text__content\">\n<p>Le 4 juillet 2024, l&rsquo;\u00e9quipe design de <strong>Petzl <\/strong>nous a accueilli pour une rencontre sur les pratiques du design int\u00e9gr\u00e9.<\/p>\n\n\n\n<p><a href=\"http:\/\/acdi-asso.fr\/wp-content\/uploads\/2024\/09\/Petzl.pdf\"><strong>Lire la news<\/strong><\/a><\/p>\n<\/div><\/div>\n\n\n\n<div class=\"wp-block-media-text is-stacked-on-mobile\" style=\"grid-template-columns:40% auto\"><figure class=\"wp-block-media-text__media\"><a href=\"http:\/\/acdi-asso.fr\/wp-content\/uploads\/2024\/03\/news-RedirectionEcologique-2024.pdf\" target=\"_blank\" rel=\" noreferrer noopener\"><img loading=\"lazy\" decoding=\"async\" width=\"624\" height=\"431\" src=\"http:\/\/acdi-asso.fr\/wp-content\/uploads\/2024\/03\/visuel-news8-1.png\" alt=\"\" class=\"wp-image-800 size-full\" srcset=\"https:\/\/acdi-asso.fr\/wp-content\/uploads\/2024\/03\/visuel-news8-1.png 624w, https:\/\/acdi-asso.fr\/wp-content\/uploads\/2024\/03\/visuel-news8-1-300x207.png 300w\" sizes=\"auto, (max-width: 624px) 100vw, 624px\" \/><\/a><\/figure><div class=\"wp-block-media-text__content\">\n<p>Le 28 f\u00e9vrier 2024, conf\u00e9rence avec <strong>Alexandre Monnin<\/strong> sur le th\u00e8me du renoncement, \u00e9cho \u00e0 la redirection \u00e9cologique et donc en lien direct avec les \u00e9volutions climatiques et les limites plan\u00e9taires.<\/p>\n\n\n\n<p><a href=\"http:\/\/acdi-asso.fr\/wp-content\/uploads\/2024\/03\/news-RedirectionEcologique-2024.pdf\"><strong>Lire la news<\/strong><\/a><\/p>\n<\/div><\/div>\n\n\n\n<div class=\"wp-block-media-text is-stacked-on-mobile\" style=\"grid-template-columns:40% auto\"><figure class=\"wp-block-media-text__media\"><a href=\"http:\/\/acdi-asso.fr\/wp-content\/uploads\/2023\/10\/news-schneider-2023.pdf\" target=\"_blank\" rel=\" noreferrer noopener\"><img loading=\"lazy\" decoding=\"async\" width=\"594\" height=\"381\" src=\"http:\/\/acdi-asso.fr\/wp-content\/uploads\/2025\/02\/bandeau-news-schneider.png\" alt=\"\" class=\"wp-image-1004 size-full\" srcset=\"https:\/\/acdi-asso.fr\/wp-content\/uploads\/2025\/02\/bandeau-news-schneider.png 594w, https:\/\/acdi-asso.fr\/wp-content\/uploads\/2025\/02\/bandeau-news-schneider-300x192.png 300w\" sizes=\"auto, (max-width: 594px) 100vw, 594px\" \/><\/a><\/figure><div class=\"wp-block-media-text__content\">\n<p>Le 5 octobre 2023, visite du site <strong>Schneider Electric<\/strong> Alpes de Montm\u00e9lian.<\/p>\n\n\n\n<p><strong><a href=\"http:\/\/acdi-asso.fr\/wp-content\/uploads\/2023\/10\/news-schneider-2023.pdf\" target=\"_blank\" rel=\"noreferrer noopener\">Lire la news<\/a><\/strong><\/p>\n<\/div><\/div>\n\n\n\n<div class=\"wp-block-media-text is-stacked-on-mobile\" style=\"grid-template-columns:40% auto\"><figure class=\"wp-block-media-text__media\"><a href=\"http:\/\/acdi-asso.fr\/wp-content\/uploads\/2023\/02\/newsacdi6-Fermob.pdf\" target=\"_blank\" rel=\" noreferrer noopener\"><img loading=\"lazy\" decoding=\"async\" width=\"799\" height=\"570\" src=\"http:\/\/acdi-asso.fr\/wp-content\/uploads\/2025\/02\/bandeau-news-fermob-2.png\" alt=\"\" class=\"wp-image-1003 size-full\" srcset=\"https:\/\/acdi-asso.fr\/wp-content\/uploads\/2025\/02\/bandeau-news-fermob-2.png 799w, https:\/\/acdi-asso.fr\/wp-content\/uploads\/2025\/02\/bandeau-news-fermob-2-300x214.png 300w, https:\/\/acdi-asso.fr\/wp-content\/uploads\/2025\/02\/bandeau-news-fermob-2-768x548.png 768w\" sizes=\"auto, (max-width: 799px) 100vw, 799px\" \/><\/a><\/figure><div class=\"wp-block-media-text__content\">\n<p>Le 30 novembre 2022, visite de <strong>Fermob <\/strong>\u00e0 Thoissey.<\/p>\n\n\n\n<p><strong><a href=\"http:\/\/acdi-asso.fr\/wp-content\/uploads\/2023\/02\/newsacdi6-Fermob.pdf\" target=\"_blank\" rel=\"noreferrer noopener\">Lire la news<\/a><\/strong><\/p>\n<\/div><\/div>\n\n\n\n<div class=\"wp-block-media-text is-stacked-on-mobile\" style=\"grid-template-columns:40% auto\"><figure class=\"wp-block-media-text__media\"><a href=\"http:\/\/acdi-asso.fr\/wp-content\/uploads\/2022\/07\/newsmaped.pdf\" target=\"_blank\" rel=\" noreferrer noopener\"><img loading=\"lazy\" decoding=\"async\" width=\"591\" height=\"472\" src=\"http:\/\/acdi-asso.fr\/wp-content\/uploads\/2025\/02\/bandeau-news-maped.png\" alt=\"\" class=\"wp-image-996 size-full\" srcset=\"https:\/\/acdi-asso.fr\/wp-content\/uploads\/2025\/02\/bandeau-news-maped.png 591w, https:\/\/acdi-asso.fr\/wp-content\/uploads\/2025\/02\/bandeau-news-maped-300x240.png 300w\" sizes=\"auto, (max-width: 591px) 100vw, 591px\" \/><\/a><\/figure><div class=\"wp-block-media-text__content\">\n<p>Le 24 mai 2022, visite de <strong>Maped<\/strong> \u00e0 Argonay.<\/p>\n\n\n\n<p><strong><a href=\"http:\/\/acdi-asso.fr\/wp-content\/uploads\/2022\/07\/newsmaped.pdf\" target=\"_blank\" rel=\"noreferrer noopener\">Lire la news<\/a><\/strong><\/p>\n<\/div><\/div>\n\n\n\n<div class=\"wp-block-media-text is-stacked-on-mobile\" style=\"grid-template-columns:40% auto\"><figure class=\"wp-block-media-text__media\"><a href=\"http:\/\/acdi-asso.fr\/wp-content\/uploads\/2020\/06\/newsTrigano.pdf\" target=\"_blank\" rel=\" noreferrer noopener\"><img loading=\"lazy\" decoding=\"async\" width=\"593\" height=\"323\" src=\"http:\/\/acdi-asso.fr\/wp-content\/uploads\/2025\/02\/bandeau-news-trigano.png\" alt=\"\" class=\"wp-image-998 size-full\" srcset=\"https:\/\/acdi-asso.fr\/wp-content\/uploads\/2025\/02\/bandeau-news-trigano.png 593w, https:\/\/acdi-asso.fr\/wp-content\/uploads\/2025\/02\/bandeau-news-trigano-300x163.png 300w\" sizes=\"auto, (max-width: 593px) 100vw, 593px\" \/><\/a><\/figure><div class=\"wp-block-media-text__content\">\n<p>Le 21 janvier 2020, visite de <strong>Trigano VDL <\/strong>\u00e0 Tournon sur Rh\u00f4ne.<\/p>\n\n\n\n<p><strong><a href=\"http:\/\/acdi-asso.fr\/wp-content\/uploads\/2020\/06\/newsTrigano.pdf\" target=\"_blank\" rel=\"noreferrer noopener\">Lire la news<\/a><\/strong><\/p>\n<\/div><\/div>\n\n\n\n<div class=\"wp-block-media-text is-stacked-on-mobile\" style=\"grid-template-columns:40% auto\"><figure class=\"wp-block-media-text__media\"><a href=\"http:\/\/acdi-asso.fr\/wp-content\/uploads\/2019\/09\/newsacdi2-mecalac-2019.pdf\" target=\"_blank\" rel=\" noreferrer noopener\"><img loading=\"lazy\" decoding=\"async\" width=\"595\" height=\"330\" src=\"http:\/\/acdi-asso.fr\/wp-content\/uploads\/2025\/02\/bandeau-news-mecalac.png\" alt=\"\" class=\"wp-image-999 size-full\" srcset=\"https:\/\/acdi-asso.fr\/wp-content\/uploads\/2025\/02\/bandeau-news-mecalac.png 595w, https:\/\/acdi-asso.fr\/wp-content\/uploads\/2025\/02\/bandeau-news-mecalac-300x166.png 300w\" sizes=\"auto, (max-width: 595px) 100vw, 595px\" \/><\/a><\/figure><div class=\"wp-block-media-text__content\">\n<p>Mai 2019, visite de <strong>Mecalac<\/strong> \u00e0 Annecy<\/p>\n\n\n\n<p><a href=\"http:\/\/acdi-asso.fr\/wp-content\/uploads\/2019\/09\/newsacdi2-mecalac-2019.pdf\"><strong>Lire la news<\/strong><\/a><\/p>\n<\/div><\/div>\n\n\n\n<div class=\"wp-block-media-text is-stacked-on-mobile\" style=\"grid-template-columns:40% auto\"><figure class=\"wp-block-media-text__media\"><a href=\"http:\/\/acdi-asso.fr\/wp-content\/uploads\/2025\/02\/bandeau-news-inpi.png\" target=\"_blank\" rel=\" noreferrer noopener\"><img loading=\"lazy\" decoding=\"async\" width=\"594\" height=\"251\" src=\"http:\/\/acdi-asso.fr\/wp-content\/uploads\/2025\/02\/bandeau-news-inpi.png\" alt=\"\" class=\"wp-image-1000 size-full\" srcset=\"https:\/\/acdi-asso.fr\/wp-content\/uploads\/2025\/02\/bandeau-news-inpi.png 594w, https:\/\/acdi-asso.fr\/wp-content\/uploads\/2025\/02\/bandeau-news-inpi-300x127.png 300w\" sizes=\"auto, (max-width: 594px) 100vw, 594px\" \/><\/a><\/figure><div class=\"wp-block-media-text__content\">\n<p>Une news hors s\u00e9rie avec l&rsquo;INPI : <strong>Qui d\u00e9tient les droits sur les cr\u00e9ations r\u00e9alis\u00e9es par les designers int\u00e9gr\u00e9s ? <\/strong><\/p>\n\n\n\n<p><strong><a href=\"http:\/\/acdi-asso.fr\/wp-content\/uploads\/2025\/02\/bandeau-news-inpi.png\">Lire la news<\/a><\/strong><\/p>\n<\/div><\/div>\n\n\n\n<p><\/p>\n","protected":false},"excerpt":{"rendered":"<p>Les news sont les comptes rendus des r\u00e9unions et conf\u00e9rences que nous organisons 2 \u00e0 3 fois par an. Merci \u00e0 tous les designers qui nous ont invit\u00e9 \u00e0 visiter les sites industriels et qui nous ont permis d&rsquo;\u00e9changer autour de leurs pratiques. le 5 mars 2026 chez Simond, la marque de montagne de Decathlon &hellip;<\/p>\n<p class=\"read-more\"> <a class=\"\" href=\"https:\/\/acdi-asso.fr\/index.php\/les-news\/\"> <span class=\"screen-reader-text\">Les news<\/span> Lire la suite\u00a0\u00bb<\/a><\/p>\n","protected":false},"author":1,"featured_media":0,"parent":0,"menu_order":0,"comment_status":"closed","ping_status":"closed","template":"","meta":{"footnotes":""},"class_list":["post-61","page","type-page","status-publish","hentry"],"_links":{"self":[{"href":"https:\/\/acdi-asso.fr\/index.php\/wp-json\/wp\/v2\/pages\/61","targetHints":{"allow":["GET"]}}],"collection":[{"href":"https:\/\/acdi-asso.fr\/index.php\/wp-json\/wp\/v2\/pages"}],"about":[{"href":"https:\/\/acdi-asso.fr\/index.php\/wp-json\/wp\/v2\/types\/page"}],"author":[{"embeddable":true,"href":"https:\/\/acdi-asso.fr\/index.php\/wp-json\/wp\/v2\/users\/1"}],"replies":[{"embeddable":true,"href":"https:\/\/acdi-asso.fr\/index.php\/wp-json\/wp\/v2\/comments?post=61"}],"version-history":[{"count":29,"href":"https:\/\/acdi-asso.fr\/index.php\/wp-json\/wp\/v2\/pages\/61\/revisions"}],"predecessor-version":[{"id":1102,"href":"https:\/\/acdi-asso.fr\/index.php\/wp-json\/wp\/v2\/pages\/61\/revisions\/1102"}],"wp:attachment":[{"href":"https:\/\/acdi-asso.fr\/index.php\/wp-json\/wp\/v2\/media?parent=61"}],"curies":[{"name":"wp","href":"https:\/\/api.w.org\/{rel}","templated":true}]}}