{"id":389,"date":"2020-09-04T15:24:10","date_gmt":"2020-09-04T13:24:10","guid":{"rendered":"http:\/\/acdi-asso.fr\/?page_id=389"},"modified":"2021-09-06T16:15:08","modified_gmt":"2021-09-06T14:15:08","slug":"archives-design-management-magazine-et-autres-articles-by-cdra","status":"publish","type":"page","link":"https:\/\/acdi-asso.fr\/index.php\/archives-design-management-magazine-et-autres-articles-by-cdra\/","title":{"rendered":"Archives Design Management Magazine et autres articles by cdra"},"content":{"rendered":"\n<h3 class=\"wp-block-heading\"><strong>Design Management Magazine 1 \/ 2002 <\/strong><\/h3>\n\n\n\n<p class=\"has-small-font-size\"><strong>Sommaire<\/strong> : <strong>Sensibiliser l&rsquo;entreprise \u00e0 l&rsquo;importance du design<\/strong> \/ Article de Stefano Marzano, Managing Director Philips Design. <strong>Strat\u00e9gie de marque pour \u00eatre proche du client<\/strong> \/ Un entretien avec Marie-Claude Peyrache, directrice de la communication France T\u00e9l\u00e9com, par Jean-L\u00e9on Bouchenoire.<\/p>\n\n\n\n<p><strong><a href=\"http:\/\/acdi-asso.fr\/wp-content\/uploads\/2020\/09\/DmanagementMag1.pdf\" target=\"_blank\" rel=\"noreferrer noopener\" aria-label=\" (s\u2019ouvre dans un nouvel onglet)\">Lire ce num\u00e9ro<\/a><\/strong><\/p>\n\n\n\n<h3 class=\"wp-block-heading\"><strong>Design Management Magazine 2 \/ janvier 2003 <\/strong><\/h3>\n\n\n\n<p class=\"has-small-font-size\"><strong>Sommaire : La cr\u00e9ation de prototypes un raccourci pour l\u2019innovation<\/strong> \u2013 article de Tom Kelley. <strong>G\u00e9rer la conception num\u00e9rique chez BMW<\/strong> \u2013 article de Stefan Thomke. <strong>La grande id\u00e9e<\/strong> \u2013 article de Robert Jones. <strong>Evaluer le design<\/strong> \u2013 r\u00e9sum\u00e9 d\u2019un article de Julie H.Hertenstein et Marjorie B. Platt en collaboration avec David R. Brown. <strong>Une synth\u00e8se de la recherche r\u00e9cente en Design Management<\/strong> \u2013 article de Brigitte Borja de Mozota<\/p>\n\n\n\n<p><strong><a href=\"http:\/\/acdi-asso.fr\/wp-content\/uploads\/2020\/11\/DmanagementMag2.pdf\" target=\"_blank\" rel=\"noreferrer noopener\" aria-label=\"Lire ce num\u00e9ro (s\u2019ouvre dans un nouvel onglet)\">Lire ce num\u00e9ro<\/a><\/strong><\/p>\n\n\n\n<h3 class=\"wp-block-heading\"><strong>Design Management Magazine 3 \/ septembre 2003 <\/strong><\/h3>\n\n\n\n<p class=\"has-small-font-size\"><strong>Sommaire : L&rsquo;apprentissage continu, un voyage cr\u00e9atif, de la recherche \u00e0 l&rsquo;innovation et \u00e0 l&rsquo;invention<\/strong> &#8211; article de Jim Long. <strong>Utiliser la modularit\u00e9, pour g\u00e9rer les interactions entre design technique et design industriel<\/strong> &#8211; article de Ron Sanchez. <strong>Design for Future Needs<\/strong>, pr\u00e9sentation g\u00e9n\u00e9rale du projet europ\u00e9en &#8211; article de Hugh Aldersey-Williams ; \u00e9tude de cas Humantec. <strong>Le coin des chercheurs<\/strong>, les pistes alternatives en faveur d&rsquo;un design soutenable &#8211; article de V\u00e9ronique Cova ; Le design et les immat\u00e9riels de l&rsquo;entreprise &#8211; pr\u00e9sentation de l&rsquo;ouvrage par Monique Vervaeke. <strong>Revue de Presse.<\/strong><\/p>\n\n\n\n<p><strong><a href=\"http:\/\/acdi-asso.fr\/wp-content\/uploads\/2020\/12\/DM3.pdf\">Lire ce num\u00e9ro<\/a><\/strong><\/p>\n\n\n\n<h3 class=\"wp-block-heading\"><strong>Design Management Magazine 4 \/ d\u00e9cembre 2003<\/strong><\/h3>\n\n\n\n<p class=\"has-small-font-size\"><strong>Sommaire<\/strong> : <strong>Piloter une marque dans le secteur automobile<\/strong> \u2013 Anne Asensio et J\u00e9an-L\u00e9on Bouchenoire \/ <strong>Strat\u00e9gie, technologie et design, cr\u00e9er des liens pour mettre en \u0153uvre l\u2019exp\u00e9rience client<\/strong> \u2013 Carol Moor \/ <strong>Pens\u00e9e strat\u00e9gique, \u00e9volutionnisme et cr\u00e9ativit\u00e9<\/strong> \u2013 Jean-Louis Magakian \/ <strong>Benchmarking industrial design services<\/strong> \u2013 Gerda Gemser et Eric van Zee \/ <strong>Une relation au produit porteuse de sens <\/strong>\u2013 Katja Battarbee de Tuuli Mattelm\u00e4ki<\/p>\n\n\n\n<p><strong><a href=\"http:\/\/acdi-asso.fr\/wp-content\/uploads\/2021\/02\/Dmanagement4-.pdf\" target=\"_blank\" rel=\"noreferrer noopener\" aria-label=\"Lire ce num\u00e9ro (s\u2019ouvre dans un nouvel onglet)\">Lire ce num\u00e9ro<\/a><\/strong><\/p>\n\n\n\n<h3 class=\"wp-block-heading\"><strong>Design Management Magazine 5 \/ avril 2004<\/strong><\/h3>\n\n\n\n<p class=\"has-small-font-size\"><strong>Vers le design \u00e9cologique : pour un packaging r\u00e9ussi<\/strong> &#8211; R. Holdway, D. Walker et M. Hilton &nbsp;(Titre original : Eco-design and successful packaging -Design Management Journal &#8211; Fall 2002) \/ <strong>R\u00e9sum\u00e9 de deux interventions du 1 <sup>er <\/sup>colloque de Recherche &#8211; Marketing et Design <\/strong>&#8211; Nantes, janvier 2004 \/ <strong>Les produits concept, objets f\u00e9d\u00e9rateurs pour la mise en place d&rsquo;une organisation de Recherche Innovation et D\u00e9veloppement<\/strong> &#8211; Herv\u00e9 Christofol, Henry Samier et Simon Richir \/ <strong>La relation design-ing\u00e9nierie dans les nouvelles organisations de la conception : du compromis \u00e0 la conception conjointe. La d\u00e9marche des \u00abFondamentaux en design\u00bb de Renault<\/strong> &#8211; Olivier Hirt \/ <strong>Le design de la marque ou les passerelles en design et marketing dans la marque<\/strong> &#8211; Brigitte Borja de Mozota et Alain Sabon \u00c9tude \/ <strong>Les m\u00e9tiers du design int\u00e9gr\u00e9s en entreprise. Les changements ressentis<\/strong>. Synth\u00e8se de l&rsquo;\u00e9tude men\u00e9e par le Centre du Design Rh\u00f4ne-Alpes, septembre &#8211; octobre 2003, 14 entretiens avec des Designers int\u00e9gr\u00e9s. \/ <strong>Knowledge management et design : une perspective italienne <\/strong>&#8211; Paola Bertola (Titre original : Knowledge management and design : an Italian perspective) \/ Panorama de presse<\/p>\n\n\n\n<p><strong><a href=\"http:\/\/acdi-asso.fr\/wp-content\/uploads\/2021\/03\/DM5..pdf\" target=\"_blank\" rel=\"noreferrer noopener\" aria-label=\"Lire ce num\u00e9ro (s\u2019ouvre dans un nouvel onglet)\">Lire ce num\u00e9ro<\/a><\/strong><\/p>\n\n\n\n<h3 class=\"wp-block-heading\"><strong>Design Management Magazine 6 \/ novembre 2004<\/strong><\/h3>\n\n\n\n<p class=\"has-small-font-size\"><strong>L\u2019investissement design. Comment en \u00e9valuer les impacts tangibles et intangibles&nbsp;?<\/strong> Tom Inns \/ <strong>L\u2019impact du design&nbsp;: quelle mesure pour un processus automatique et inconscient&nbsp;?<\/strong> Ga\u00ebl Allain \/ <strong>\u00ab&nbsp;Les nouveaux r\u00e9gimes de la conception&nbsp;\u00bb. Langages, th\u00e9ories, m\u00e9tiers.<\/strong> Armand Hatchel \u2013 Beno\u00eet Weil \/ <strong>Conception et prospective du pr\u00e9sent. Pour penser et faire advenir des mondes souhaitables (l\u2019exemple M\u00e9t\u00e9or)<\/strong>. Edith Heurgon \/ <strong>Relation conception\/innovation. Les \u00e9conomistes n\u2019ont-ils rien \u00e0 dire&nbsp;?<\/strong> Jo\u00eblle Forest \/ <strong>Synth\u00e8se des premiers \u00e9changes du Centre du Design Rh\u00f4ne-Alpes<\/strong>. Centre du Design Rh\u00f4ne-Alpes \/ <strong>Entrepreneurship &amp; design. Comment lutter contre la myopie fran\u00e7aise face \u00e0 la recherche design<\/strong>. Brigitte Borja de Mozota.<\/p>\n\n\n\n<p><strong><a href=\"http:\/\/acdi-asso.fr\/wp-content\/uploads\/2021\/06\/DManagement-6.pdf\" target=\"_blank\" rel=\"noreferrer noopener\" aria-label=\"Lire ce num\u00e9ro (s\u2019ouvre dans un nouvel onglet)\">Lire ce num\u00e9ro<\/a><\/strong><\/p>\n\n\n\n<h3 class=\"wp-block-heading\"><strong>Design Management Magazine 7 \/ juin 2005<\/strong><\/h3>\n\n\n\n<p><strong>Management de projet<\/strong>\u00a0: l\u2019avant projet de quoi parle-t-on\u00a0? &#8211; Fr\u00e9d\u00e9ric Gautier et Sylvain Lenfle \/ Le management multi-projet, d\u00e9finition et enjeux \u2013 Brigitte Borja de Mozota \/ La connaissance au service de l\u2019innovation, extrait du r\u00e9sum\u00e9 du colloquie Confere \u2013 Florent Laroche, Maric Le Coq et Christophe Coppens. <strong>Agences de design<\/strong>\u00a0: place de l\u2019avenir, quel futur pour les agences de design\u00a0? &#8211; Brigitte Borja de Mozota \/ Design en entreprise, int\u00e9gration des ressources externes \u2013 Daniel Buchner, Harry West et Gianfranco Zaccai \/ <strong>Design management<\/strong>\u00a0: perspectives de formation des design managers \u2013 Rachel Cooper, Kyung-Wong Chung, Lee D. Green, Maryann Finiw, Jeff Smith et gary Bryant. <strong>Etudes<\/strong>\u00a0: \u00e9tude Design Council 2004-2005, Design Council et Centre du Design Rh\u00f4ne-Alpes. Eco-Design\u00a0: qu\u2019est ce qu\u2019une math\u00e9riauth\u00e8que\u00a0? &#8211; Ga\u00ebl Guilloux, Centre du design Rh\u00f4ne-Alpes \/ Panorama de Presse.<\/p>\n\n\n\n<p><strong><a href=\"http:\/\/acdi-asso.fr\/wp-content\/uploads\/2021\/09\/DManagement-7-1.pdf\" target=\"_blank\" rel=\"noreferrer noopener\" aria-label=\"Lire ce num\u00e9ro (s\u2019ouvre dans un nouvel onglet)\">Lire ce num\u00e9ro<\/a><\/strong><\/p>\n\n\n\n<h3 class=\"wp-block-heading\"><strong>Design Management Magazine<\/strong> 8 \/ novembre 2005<\/h3>\n\n\n\n<p><strong>Management de l\u2019innovation<\/strong>\u00a0: innovation, un enjeu qui concerne toutes les organisations &#8211; Brigitte Borja de Mozota \/ Bang &amp; Olufsen, premier de la classe \u2013 James Cockerille. <strong>Design Management<\/strong>\u00a0: Design et succ\u00e8s\u00a0: une analyse en 7 exemples et 7 points \u2013 Thomas Lockwood. <strong>Etudes<\/strong>\u00a0: l\u2019attractivit\u00e9 des produits, les facteurs cl\u00e9s \u2013 Josiena Gotzsch \/ Le statut professionnel des designers, comment les designers sont-ils per\u00e7us\u00a0? \u2013 Gillian Smith @ Allann Whitfield. <strong>Recherche<\/strong>\u00a0: o\u00f9 en est la pens\u00e9e fran\u00e7aise\u00a0? &#8211; Brigitte Borja de Mozota \/ Panorama presse<\/p>\n\n\n\n<p><strong><a href=\"http:\/\/acdi-asso.fr\/wp-content\/uploads\/2021\/09\/DManagement-8.pdf\" target=\"_blank\" rel=\"noreferrer noopener\" aria-label=\"Lire ce num\u00e9ro (s\u2019ouvre dans un nouvel onglet)\">Lire ce num\u00e9ro<\/a><\/strong><\/p>\n","protected":false},"excerpt":{"rendered":"<p>Design Management Magazine 1 \/ 2002 Sommaire : Sensibiliser l&rsquo;entreprise \u00e0 l&rsquo;importance du design \/ Article de Stefano Marzano, Managing Director Philips Design. Strat\u00e9gie de marque pour \u00eatre proche du client \/ Un entretien avec Marie-Claude Peyrache, directrice de la communication France T\u00e9l\u00e9com, par Jean-L\u00e9on Bouchenoire. Lire ce num\u00e9ro Design Management Magazine 2 \/ janvier &hellip;<\/p>\n<p class=\"read-more\"> <a class=\"\" href=\"https:\/\/acdi-asso.fr\/index.php\/archives-design-management-magazine-et-autres-articles-by-cdra\/\"> <span class=\"screen-reader-text\">Archives Design Management Magazine et autres articles by cdra<\/span> Lire la suite\u00a0\u00bb<\/a><\/p>\n","protected":false},"author":1,"featured_media":0,"parent":0,"menu_order":0,"comment_status":"closed","ping_status":"closed","template":"","meta":{"footnotes":""},"class_list":["post-389","page","type-page","status-publish","hentry"],"_links":{"self":[{"href":"https:\/\/acdi-asso.fr\/index.php\/wp-json\/wp\/v2\/pages\/389","targetHints":{"allow":["GET"]}}],"collection":[{"href":"https:\/\/acdi-asso.fr\/index.php\/wp-json\/wp\/v2\/pages"}],"about":[{"href":"https:\/\/acdi-asso.fr\/index.php\/wp-json\/wp\/v2\/types\/page"}],"author":[{"embeddable":true,"href":"https:\/\/acdi-asso.fr\/index.php\/wp-json\/wp\/v2\/users\/1"}],"replies":[{"embeddable":true,"href":"https:\/\/acdi-asso.fr\/index.php\/wp-json\/wp\/v2\/comments?post=389"}],"version-history":[{"count":12,"href":"https:\/\/acdi-asso.fr\/index.php\/wp-json\/wp\/v2\/pages\/389\/revisions"}],"predecessor-version":[{"id":452,"href":"https:\/\/acdi-asso.fr\/index.php\/wp-json\/wp\/v2\/pages\/389\/revisions\/452"}],"wp:attachment":[{"href":"https:\/\/acdi-asso.fr\/index.php\/wp-json\/wp\/v2\/media?parent=389"}],"curies":[{"name":"wp","href":"https:\/\/api.w.org\/{rel}","templated":true}]}}